 base 8
-23023767
10002222221221 (base 3) to base 15
229d2d
-1695043 (base 11) to base 16
-2be3b2
What is 1100001100101001010011 (base 2) in base 15?
432633
-430126 (base 8) to base 15
-2c781
1101110110110110000 (base 2) to base 14
bb692
175270 (base 8) to base 10
64184
Convert -18b368 (base 12) to base 9.
-731588
Convert -4536625 (base 8) to base 10.
-1228181
What is -25016 (base 7) in base 11?
-49a7
What is 3142116 (base 8) in base 2?
11001100010001001110
What is -110101012201 (base 3) in base 5?
-30244030
What is 39d5eb (base 15) in base 11?
1628978
Convert -3496100 (base 10) to base 13.
-9553ca
What is -3230244214 (base 5) in base 2?
-11010010000101111010101
-4c26f8 (base 16) to base 10
-4990712
What is 2010020220111 (base 3) in base 10?
1126966
What is 102119 (base 11) in base 5?
20220404
-3121311230 (base 4) to base 15
-129598
What is -100111010011101000001010 (base 2) in base 5?
-10114212020
What is -a438 (base 11) in base 14?
-5083
-10101100101110010010110 (base 2) to base 10
-5659798
What is 51242063 (base 7) in base 4?
100110300101
Convert -3402542 (base 7) to base 16.
-66d10
Convert 32a7b (base 14) to base 4.
131332311
-2789c (base 15) to base 16
-1ef66
776330 (base 8) to base 15
52676
33131211 (base 4) to base 12
30799
100202111001 (base 3) to base 7
1426666
40410013 (base 5) to base 3
121112200111
What is -3f926 (base 16) in base 14?
-6ac74
-101010011110100110010 (base 2) to base 14
-283390
-103047 (base 8) to base 12
-17a5b
What is -6995 (base 14) in base 5?
-1041414
What is -ac5601 (base 14) in base 13?
-129c7a8
Convert 1210200010112 (base 3) to base 6.
32311105
Convert -4224340 (base 6) to base 3.
-101110020220
Convert -382510 (base 12) to base 11.
-5766a8
What is -1243413232 (base 5) in base 4?
-23312213311
Convert -12050512 (base 6) to base 15.
-7787b
What is -125d91 (base 14) in base 11?
-3a1133
What is -124402232 (base 5) in base 11?
-39550a
-1065a1 (base 11) to base 7
-1304623
Convert 1002020010221110 (base 3) to base 2.
111011010000001011011001
Convert -a18a78 (base 11) to base 5.
-404341334
-45107b6 (base 12) to base 11
-7502941
11011110011111110011 (base 2) to base 6
31311111
What is -656201 (base 7) in base 14?
-2dca8
-311110022 (base 5) to base 9
-2344240
What is 4c8b7 (base 13) in base 5?
14021420
12000002210220 (base 3) to base 5
1140044004
-20112020122 (base 3) to base 2
-11111010111100011
-2145313 (base 6) to base 13
-39bbb
200211100201 (base 3) to base 12
15a56a
What is -1267321 (base 8) in base 14?
-93a81
What is 14224042 (base 6) in base 9?
820088
What is -66e1ca (base 15) in base 7?
-56500030
-218853 (base 12) to base 10
-533439
Convert -100120022221 (base 3) to base 12.
-90b97
Convert -163320 (base 8) to base 10.
-59088
What is 233003323 (base 4) in base 12?
93677
-10010010001011011011 (base 2) to base 4
-2102023123
351623 (base 8) to base 4
131032103
What is -11001002220 (base 3) in base 9?
-131086
What is 8823856 (base 9) in base 7?
55201014
Convert 2170719 (base 11) to base 6.
213335235
Convert 19620b (base 14) to base 10.
900435
Convert 13a08 (base 15) to base 9.
105378
Convert -11320740 (base 8) to base 14.
-482b04
What is 5190582 (base 11) in base 9?
18187223
-20221020100 (base 3) to base 5
-13331434
-990522 (base 10) to base 5
-223144042
Convert -234401413 (base 5) to base 14.
-205786
Convert 38447 (base 14) to base 2.
100001101100111111
What is 82a28 (base 15) in base 7?
3343052
Convert 16a655 (base 13) to base 8.
2120721
Convert -b7b41c (base 15) to base 14.
-1239224
What is -1206671 (base 8) in base 16?
-50db9
Convert 110011011110111000001 (base 2) to base 15.
234ca2
What is -125242401 (base 6) in base 12?
-a03401
Convert -47994 (base 11) to base 8.
-206721
Convert 13443033 (base 5) to base 15.
2b8e8
7779125 (base 10) to base 11
4433632
25252564 (base 7) to base 11
131949a
-91224 (base 11) to base 16
-208f8
Convert -265877 (base 9) to base 3.
-22012222121
Convert -3287683 (base 11) to base 2.
-10101111111001111001111
Convert -1534143 (base 6) to base 15.
-1bb86
What is -118949 (base 11) in base 2?
-101101110001011010
Convert -334644 (base 10) to base 8.
-1215464
Convert -2121212222 (base 3) to base 10.
-51677
-20123121321 (base 4) to base 5
-1031200101
Convert 1cc69 (base 15) to base 3.
11202211200
Convert -40112023 (base 6) to base 4.
-10103230233
Convert 1d31a (base 14) to base 9.
123420
Convert -2611765 (base 8) to base 3.
-1100212220002
12b5b6a (base 12) to base 14
6cc60a
What is -712c (base 16) in base 5?
-1411342
-121757 (base 11) to base 4
-233000331
Convert -1889909 (base 10) to base 8.
-7153165
Convert 1312875 (base 14) to base 4.
203003103213
-253201554 (base 6) to base 14
-91d1b8
What is 130113312 (base 5) in base 14?
125435
What is 49738 (base 12) in base 6?
2044512
Convert 20a78 (base 11) to base 8.
73561
What is 50a00 (base 13) in base 7?
1141161
-2021232 (base 5) to base 9
-48754
What is -3742451 (base 8) in base 11?
-646548
-1113031100 (base 4) to base 10
-357200
What is -60533 (base 10) in base 16?
-ec75
93a4 (base 12) to base 15
4b8d
110002001100 (base 3) to base 5
30101230
What is -4973991 (base 10) in base 13?
-1051cb9
What is -76312517 (base 8) in base 16?
-f9954f
What is 6420037 (base 10) in base 16?
61f645
Convert -4214333023 (base 5) to base 3.
-121110100021102
What is -7705a5 (base 11) in base 2?
-100101100011011100100
What is 24639 (base 10) in base 5?
1242024
Convert 12764357 (base 8) to base 9.
5365381
Convert 1331330413 (base 5) to base 3.
20101001012200
What is -16a67 (base 12) in base 14?
-bc63
What is 13554501 (base 7) in base 9?
2351720
What is 121134224 (base 5) in base 15?
b34ae
Convert 300423210 (base 5) to base 13.
326b10
Convert 2660535 (base 10) to base 5.
1140114120
-21bdb (base 14) to base 8
-240005
183132 (base 10) to base 16
2cb5c
Convert 3ab2a07 (base 12) to base 9.
23870847
What is 12403114 (base 5) in base 3?
20012202001
What is 276a (base 16) in base 9?
14751
-362159 (base 12) to base 15
-124206
1010001101000010100 (base 2) to base 12
1415b0
-233302303 (base 4) to base 10
-195763
What is -51560234 (base 7) in base 14?
-80b5c4
Convert 49635 (base 14) to base 10.
179583
1071370 (base 10) to base 7
12051346
Convert 1100010101110101 (base 2) to base 3.
2120100012
What is -12032010 (base 4) in base 13?
-b799
Convert 92fc (base 16) to base 13.
14186
Convert -1cd28b (base 14) to base 13.
-2a3138
What is -8462a (base 13) in base 11?
-153070
Convert 5034 (base 8) to base 2.
101000011100
What is 49970 (base 10) in base 4?
30030302
What is 296b4ab (base 12) in base 3?
120201111201012
What is 1377081 (base 9) in base 8?
2713613
What is 1100021102020 (base 3) in base 13?
1bcca8
271827 (base 9) to base 13
5a3b2
Convert 3221134321 (base 5) to base 10.
6818086
What is 10110100011001011001000 (base 2) in base 15?
7bb72a
2430012 (base 9) to base 10
1318772
-38301 (base 10) to base 15
-b536
Convert -10101001000110010101000 (base 2) to base 6.
-314432532
What is 397658a (base 12) in base 13?
2476b22
Convert -d0c7 (base 15) to base 5.
-2402222
Convert -1ac75 (base 13) to base 2.
-1100110110101111
-410577 (base 11) to base 10
-659534
Convert 7b3a (base 13) to base 6.
212011
712b9 (base 13) to base 2
110001011101110110
-31c5ed (base 15) to base 7
-26102236
Convert 501505 (base 13) to base 4.
13011332320
-4450552 (base 6) to base 13
-7b1c1
Convert 321321101 (base 4) to base 13.
83c24
51631 (base 10) to base 7
303346
-250432 (base 7) to base 15
-d8ad
11101010001100101011 (base 2) to base 10
959275
Convert 28ab3b (base 13) to base 3.
1212112211010
What is 22111212001121 (base 3) in base 9?
8455047
Convert -2fab10 (base 16) to base 9.
-5781263
What is -23d56 (base 15) in base 9?
-183810
Convert 374100 (base 9) to base 8.
671427
4640688 (base 11) to base 10
8111936
3df62 (base 16) to base 10
253794
What is 204430402 (base 5) in base 13?
240836
Convert 513452 (base 7) to base 5.
10301243
Convert 108a50a (base 12) to base 14.
5c72c2
What is -25066412 (base 8) in base 13?
-11b9538
Convert -10101001001110100101000 (base 2) to base 8.
-25116450
What is -49bc (base 14) in base 16?
-326a
What is -147387 (base 14) in base 12?
-2a3837
7741635 (base 9) to base 12
1487b35
Convert -112020222100 (base 3) to base 7.
-2246133
-55b24 (base 16) to base 2
-1010101101100100100
-1332520 (base 6)